s divided by a(-1)?
11
Suppose 4 = 7*i - 52. Suppose -5*b + 17 = z - 59, -b + 4*z = -11. What is the remainder when b is divided by i?
7
Suppose 12*y - 1265 = -449. Calculate the remainder when y is divided by 63.
5
Let d(u) = -u**3 - 4*u**2 - 2*u - 1. Let p be (-4)/(-14) - (78/(-21) - 4). Calculate the remainder when 2/6 + p/((-168)/(-203)) is divided by d(-4).
3
Let p(y) = y - 3. Let u be p(12). Let o = u + -6. Suppose 0 = 5*i - 5*n - 105, -5*n + 39 = -0*i + o*i. Calculate the remainder when 71 is divided by i.
17
Let s = 468 - 452. Let k = 22 + 20. Calculate the remainder when k is divided by s.
10
Let p = -802 - -1179. Calculate the remainder when p is divided by 21.
20
Let y = 21 + 1. What is the remainder when (-524)/(-22) + 4/y is divided by 5?
4
Suppose 35 = 2*x - 5*i, 14 + 6 = -4*i. Let a(y) = 11*y**3 + 2*y - 1. What is the remainder when a(1) is divided by x?
2
Let o(n) = n + 7. Let y be o(-11). Calculate the remainder when 76 is divided by ((-78)/y)/(-1 - (-15)/10).
37
Let m(n) = n**3 + 11*n**2 + 13*n - 10. Calculate the remainder when 1998 is divided by m(-3).
20
Suppose -3 = -3*a - 4*k, 2*a + 4*k - 2 + 0 = 0. Let q = 3 + a. Suppose -q*o + 112 = -4*j, o - 34 = -2*j + j. Calculate the remainder when o is divided by 11.
9
Suppose -597 - 479 = -4*a. Let y = a - 134. What is the remainder when y is divided by 34?
33
Suppose 5*o - 3*s - 5 = 0, 4*s - 15 = s. What is the remainder when 72 is divided by (-508)/(-20) + o/(-10)?
22
Let b(g) = g**2 + 3*g + 5. Suppose -5*s - 74 = -q - 2*q, -5*q + 2*s = -117. Calculate the remainder when b(5) is divided by q.
22
Let r = 43 - 38. Suppose r*m - 2*v - 111 = 0, v = m - v - 19. What is the remainder when m is divided by 10?
3
Suppose -6 = -3*r, 0*l + 40 = l + 2*r. What is the remainder when 108 is divided by l?
0
Let d(j) = 14*j - 19*j + 2*j**2 + 22 - 3*j**2. Calculate the remainder when 41 is divided by d(-5).
19
Suppose 4*j = -8, -4*g - 3*j - 82 = -256. Suppose a = 4*a - g. Suppose 3*h = a, -5 = -5*b + 2*h + 25. What is the remainder when 14 is divided by b?
6
Suppose 40*y = -901 + 15301. Calculate the remainder when y is divided by 11.
8
Suppose 0 = 2*u - 0*u - 146. Suppose -4*d + 2*f = -f - u, 17 = d - 2*f. What is the remainder when 74 is divided by d?
17
Let f = -45 - -53. What is the remainder when 5 is divided by -1 + 27/24 + 15/f?
1
Let i = -15 - -21. Let m be 105 + 0/(1 - 2 - -2). Suppose -25*v + m = -20*v. Calculate the remainder when v is divided by i.
3
Let w(l) = -l**3 - 43*l**2 + 88*l - 57. Let j(o) = -3*o**3 - 4*o**2 - 2*o. Calculate the remainder when w(-45) is divided by j(-2).
9
Suppose 0 = -412*l + 441*l - 9193. What is the remainder when l is divided by 48?
29
Let l = 1550 + -1443. Calculate the remainder when l is divided by 11.
8
Suppose 5*y + 162 = 372. Calculate the remainder when y is divided by 23.
19
Let n = -36 - -84. Let b = n - 34. Suppose 4*c = 5*l + 141, 3*c - 2*l + 27 - 138 = 0. What is the remainder when c is divided by b?
11
Let k = -17 - -30. Suppose 0 = -52*j + 58*j - 30. Calculate the remainder when k is divided by j.
3
Suppose -2*r - 4*r = -2232. Let g = -195 + r. What is the remainder when g is divided by 15?
12
Let i(n) = -16*n + 35. Let w = -3 + 6. Calculate the remainder when i(2) is divided by w.
0
Let i = 1154 - 1121. Calculate the remainder when 592 is divided by i.
31
Let x = 40 - 40. Suppose x = 5*a + 4*m - 923 + 296, 260 = 2*a - 3*m. Calculate the remainder when a is divided by 26.
23
Suppose 0 = 2*v - 0 - 4. Let h be 108*15*v/18. Suppose -3*d + h = 3*d. What is the remainder when d is divided by 8?
6
Let f be 2/(5/(30/4)). Suppose -4*c - 2*x = -0*c - 122, -4*x = -f*c + 86. What is the remainder when -2 + (-7)/(14/(-240)) is divided by c?
28
Let u = -29 - -27. Let a be -3 + u + 6 - -92. Suppose 0 = 4*y - 5*q - a, -3*y - 2*y + 4*q = -105. Calculate the remainder when 64 is divided by y.
13
Let i = 10 - -75. Suppose -2*g - 3*g = -i. What is the remainder when (-488)/(-10) - (-19)/95 is divided by g?
15
Suppose 2*c + 2*n + 0*n = 96, 0 = 5*c + n - 224. What is the remainder when c is divided by 3 + 17 + 8 + -4?
20
Let o = 912 + -524. Calculate the remainder when o is divided by 13.
11
What is the remainder when 103 is divided by (-4)/(-6) + (-3102)/(-99)?
7
Let j(l) = 96*l + 3. Let u be j(2). Let s = u - 135. What is the remainder when 177 is divided by s?
57
Suppose 4*l = l + 4*w - 11, 0 = l - 5*w + 22. Let j = 0 - l. Let t(m) = 7*m**2 - 4*m - 7. Calculate the remainder when t(j) is divided by 18.
14
Suppose 3*k = -40 + 250. Let j be (1 - (-1 + 2)) + k. Suppose a + a = j. What is the remainder when a is divided by 9?
8
Let w = -128 + 84. Let l = w + 31. Let n = -9 - l. Calculate the remainder when 5 is divided by n.
1
Suppose 3*h + 108 = 135. Suppose 6*b - 118 = 4*b. What is the remainder when b is divided by h?
5
Let g = -469 + 585. Calculate the remainder when g is divided by 24.
20
Suppose 5*z + 5*k - 291 = z, -2*z - k + 147 = 0. What is the remainder when z is divided by 38?
36
Suppose -6*c - 26 = -128. Suppose 13*t = c*t. Suppose -x + 20 = -d, -2*x - 5*d + 21 + 54 = t. Calculate the remainder when 47 is divided by x.
22
Let u(h) = -h**3 + 16*h**2 + 18*h - 13. Let w be u(17). Suppose w*d = -0*z - z + 17, -d = -4*z - 17. What is the remainder when 12 is divided by d?
2
Let b = -8 - -13. Let d be (-6)/15 - (-22)/b. Let s = 15 - d. Calculate the remainder when 19 is divided by s.
8
Let t be 1 + ((-8)/(-5))/((-4)/(-10)). Suppose -3*d + 48 = 3*u, t*u = -d - 0*d + 92. What is the remainder when 36 is divided by u?
17
Let j = 47 + -25. Suppose 0 = -h + 3, 50*h = -4*k + 49*h + 435. Calculate the remainder when k is divided by j.
20
Let p(s) be the third derivative of s**6/120 + 11*s**5/30 - 25*s**4/24 - 9*s**3/2 + 27*s**2. Calculate the remainder when p(-23) is divided by 12.
7
Let c = -124 - -161. What is the remainder when 290 is divided by c?
31
Suppose -5*b + 370 = 5*h, -86 = -13*b + 12*b + 3*h. What is the remainder when b is divided by 29?
19
Let v = 55 - 37. Suppose 0 = 5*s + 4*m - 1047, 3*s - 411 = s + m. Suppose 0 = 24*p - 21*p - s. What is the remainder when p is divided by v?
15
Suppose 4*g - 124 - 44 = 0. Let m = -14 + g. What is the remainder when m is divided by 5?
3
Let v be (-832)/(-18) + 2/(-9). Let r = v + -24. What is the remainder when r is divided by 6?
4
Let y = 25 - -6. Calculate the remainder when -2 - (1 + y/(-1)) is divided by -25 - -21 - (-14 + 0).
8
Let m(p) = -p**3 + 15*p**2 - 14*p - 11. Let w be m(14). Let g(b) = -b + 4. Let l(f) = f + 1. What is the remainder when g(w) is divided by l(3)?
3
Suppose 0 = -r + 2*r + 4*s - 106, 507 = 5*r - 3*s. Let g = -69 + r. What is the remainder when g is divided by (-3)/(-2) - (-7)/(28/30)?
6
Suppose -28 = -q - q - 3*f, 0 = -3*q + 5*f + 4. Let n = -6 + 6. Suppose 5*j - 5 + n = 0, 4*b - 5*j - 79 = 0. What is the remainder when b is divided by q?
5
Suppose -2*x = x. Let k(i) = i**3 + i**2 - 2*i - 192. Let n be k(x). Calculate the remainder when 2 - (1 + n/4) is divided by 10.
9
Suppose -55*z = -49*z - 204. What is the remainder when 66 is divided by z?
32
Let o = -21 + 40. Let g be (-14)/63 + 20/9. Suppose 5*v = -5*x + 265, -g*x + 151 = 3*v - 3*x. What is the remainder when v is divided by o?
13
Let n(u) = -6*u**2 - 3*u**3 + 4 + 146*u + 2 - 140*u. Calculate the remainder when 40 is divided by n(-3).
10
Let i = 4 - 1. Suppose 2*g + 4*h = 82, 64 = -g + i*g - 2*h. Calculate the remainder when g is divided by (-6)/9*3 + 20.
17
Suppose 2*i = 1 + 3. Suppose i*w - 65 = 73. Calculate the remainder when w is divided by 18.
15
Suppose -2*v = 4*z - 3*z - 7, -2 = 5*v - 4*z. Let g(k) = -3*k - v + k - k. What is the remainder when 50 is divided by g(-5)?
11
Suppose 28*n - 88*n = -3840. Calculate the remainder when 115 is divided by n.
51
What is the remainder when 12/((-14)/(-63)*1) is divided by 11?
10
Let o be 2 - (1 - -2 - 13). Let v = o + -11. What is the remainder when (-3 + 8)*4*v is divided by 11?
9
Suppose 5*t - 5*d - 6 = 9, -3*d = -5*t + 11. Let y(w) = -1 + 11*w**2 - 8*w**2 + 8*w**2 + 4*w**2. What is the remainder when y(t) is divided by 8?
6
Suppose 3*g - 4*w = 44, 0 = -4*g - 0*g + w + 76. Let p = -13 + 16. Calculate the remainder when 0 + p - 17*-2 is divided by g.
17
Suppose 5*w = -3*v - 22,